 106.
76
What is the remainder when 3889 is divided by 28?
25
Calculate the remainder when 1727 is divided by 10.
7
What is the remainder when 1115 is divided by 13?
10
Calculate the remainder when 1212 is divided by 392.
36
Calculate the remainder when 6972 is divided by 218.
214
Calculate the remainder when 6591 is divided by 103.
102
What is the remainder when 207 is divided by 38?
17
Calculate the remainder when 1454 is divided by 145.
4
Calculate the remainder when 76 is divided by 22.
10
What is the remainder when 965 is divided by 88?
85
Calculate the remainder when 241 is divided by 37.
19
What is the remainder when 40931 is divided by 27?
26
What is the remainder when 446 is divided by 50?
46
What is the remainder when 61 is divided by 28?
5
What is the remainder when 67 is divided by 25?
17
What is the remainder when 78 is divided by 47?
31
What is the remainder when 198 is divided by 102?
96
Calculate the remainder when 487 is divided by 120.
7
What is the remainder when 6085 is divided by 79?
2
What is the remainder when 1940 is divided by 15?
5
Calculate the remainder when 8803 is divided by 14.
11
Calculate the remainder when 206 is divided by 15.
11
Calculate the remainder when 344 is divided by 115.
114
What is the remainder when 34 is divided by 8?
2
Calculate the remainder when 7933 is divided by 256.
253
Calculate the remainder when 180 is divided by 46.
42
What is the remainder when 756 is divided by 38?
34
What is the remainder when 1650 is divided by 137?
6
What is the remainder when 168 is divided by 135?
33
Calculate the remainder when 70 is divided by 12.
10
Calculate the remainder when 519 is divided by 4.
3
What is the remainder when 1070 is divided by 134?
132
Calculate the remainder when 54 is divided by 30.
24
What is the remainder when 10435 is divided by 174?
169
Calculate the remainder when 622 is divided by 17.
10
Calculate the remainder when 6921 is divided by 2301.
18
Calculate the remainder when 88 is divided by 30.
28
Calculate the remainder when 657 is divided by 12.
9
What is the remainder when 56 is divided by 47?
9
Calculate the remainder when 127 is divided by 86.
41
Calculate the remainder when 340 is divided by 94.
58
Calculate the remainder when 7060 is divided by 107.
105
What is the remainder when 14895 is divided by 266?
265
Calculate the remainder when 906 is divided by 13.
9
Calculate the remainder when 869 is divided by 42.
29
Calculate the remainder when 387 is divided by 55.
2
What is the remainder when 4386 is divided by 19?
16
Calculate the remainder when 192 is divided by 14.
10
What is the remainder when 1437 is divided by 120?
117
Calculate the remainder when 212 is divided by 5.
2
What is the remainder when 239 is divided by 12?
11
What is the remainder when 1990 is divided by 223?
206
Calculate the remainder when 191 is divided by 164.
27
Calculate the remainder when 166 is divided by 74.
18
What is the remainder when 107 is divided by 4?
3
What is the remainder when 740 is divided by 154?
124
Calculate the remainder when 171 is divided by 43.
42
What is the remainder when 100 is divided by 60?
40
Calculate the remainder when 9171 is divided by 53.
2
Calculate the remainder when 535 is divided by 193.
149
Calculate the remainder when 788 is divided by 18.
14
Calculate the remainder when 130 is divided by 27.
22
Calculate the remainder when 66 is divided by 23.
20
Calculate the remainder when 67 is divided by 24.
19
What is the remainder when 15909 is divided by 51?
48
What is the remainder when 88 is divided by 40?
8
Calculate the remainder when 18817 is divided by 5.
2
What is the remainder when 6460 is divided by 85?
0
What is the remainder when 3938 is divided by 49?
18
What is the remainder when 169 is divided by 31?
14
What is the remainder when 328 is divided by 55?
53
What is the remainder when 278 is divided by 70?
68
Calculate the remainder when 512 is divided by 71.
15
Calculate the remainder when 1186 is divided by 108.
106
What is the remainder when 280 is divided by 144?
136
What is the remainder when 259 is divided by 26?
25
What is the remainder when 418 is divided by 28?
26
What is the remainder when 4488 is divided by 43?
16
Calculate the remainder when 102 is divided by 53.
49
Calculate the remainder when 1474 is divided by 115.
94
Calculate the remainder when 1189 is divided by 70.
69
What is the remainder when 100 is divided by 25?
0
Calculate the remainder when 2018 is divided by 43.
40
Calculate the remainder when 69 is divided by 39.
30
Calculate the remainder when 2199 is divided by 55.
54
What is the remainder when 2186 is divided by 4?
2
Calculate the remainder when 1284 is divided by 5.
4
Calculate the remainder when 481 is divided by 121.
118
Calculate the remainder when 168 is divided by 14.
0
Calculate the remainder when 103 is divided by 21.
19
What is the remainder when 193 is divided by 56?
25
Calculate the remainder when 1414 is divided by 43.
38
What is the remainder when 119 is divided by 32?
23
What is the remainder when 237 is divided by 30?
27
What is the remainder when 329 is divided by 12?
5
What is the remainder when 170 is divided by 43?
41
Calculate the remainder when 443 is divided by 142.
17
What is the remainder when 757 is divided by 109?
103
Calculate the remainder when 78 is divided by 26.
0
Calculate the remainder when 1380 is divided by 35.
15
Calculate the remainder when 278 is divided by 29.
17
Calculate the remainder when 301 is divided by 42.
7
Calculate the remainder when 263 is divided by 80.
23
Calculate the remainder when 2085 is divided by 7.
6
Calculate the remainder when 5668 is divided by 70.
68
What is the remainder when 1016 is divided by 78?
2
Calculate the remainder when 369 is divided by 182.
5
What is the remainder when 1770 is divided by 104?
2
Calculate the remainder when 164 is divided by 35.
24
What is the remainder when 900 is divided by 130?
120
Calculate the remainder when 156 is divided by 46.
18
Calculate the remainder when 142 is divided by 29.
26
What is the remainder when 119 is divided by 37?
8
What is the remainder when 600 is divided by 71?
32
Calculate the remainder when 1994 is divided by 37.
33
What is the remainder when 19134 is divided by 43?
42
Calculate the remainder when 367 is divided by 16.
15
What is the remainder when 868 is divided by 288?
4
Calculate the remainder when 2287 is divided by 22.
21
What is the remainder when 115 is divided by 113?
2
Calculate the remainder when 236 is divided by 92.
52
Calculate the remainder when 75 is divided by 19.
18
Calculate the remainder when 484 is divided by 25.
9
What is the remainder when 47 is divided by 33?
14
What is the remainder when 23033 is divided by 96?
89
What is the remainder when 90 is divided by 13?
12
Calculate the remainder when 80 is divided by 6.
2
What is the remainder when 172 is divided by 142?
30
Calculate the remainder when 834 is divided by 412.
10
What is the remainder when 113 is divided by 32?
17
Calculate the remainder when 1966 is divided by 12.
10
Calculate the remainder when 599 is divided by 210.
179
Calculate the remainder when 403 is divided by 103.
94
What is the remainder when 353 is divided by 71?
69
Calculate the remainder when 240 is divided by 81.
78
What is the remainder when 1459 is divided by 73?
72
What is the remainder when 154 is divided by 54?
46
Calculate the remainder when 514 is divided by 103.
102
Calculate the remainder when 780 is divided by 11.
10
Calculate the remainder when 8173 is divided by 146.
143
What is the remainder when 140 is divided by 24?
20
What is the remainder when 419 is divided by 24?
11
What is the remainder when 538 is divided by 29?
16
Calculate the remainder when 1944 is divided by 627.
63
What is the remainder when 301 is divided by 107?
87
Calculate the remainder when 743 is divided by 31.
30
Calculate the remainder when 283 is divided by 15.
13
Calculate the remainder when 1252 is divided by 178.
6
Calculate the remainder when 495 is divided by 100.
95
What is the remainder when 125 is divided by 63?
62
Calculate the remainder when 4037 is divided by 30.
17
Calculate the remainder when 2865 is divided by 70.
65
Calculate the remainder when 61 is divided by 11.
6
Ca